t l = h - 1. What are the prime factors of l?
2
Let s = -3 - 3. Let t(a) = -a**2 - 7*a - 3. Let r be t(s). Suppose 0 = -4*g - 4*o + 72, -r*g + o = -0*o - 50. List the prime factors of g.
17
Suppose 0 = 10*m - 1318 - 352. What are the prime factors of m?
167
Let d = 51 - 20. What are the prime factors of d?
31
Suppose 33 = 5*g - 2*g. List the prime factors of g.
11
Suppose r + 0 - 10 = 0. Let h = -7 + r. What are the prime factors of h?
3
Suppose 383 = 5*l + 158. Suppose 5*a = 5 - l. Let k = -4 - a. What are the prime factors of k?
2
Let b be (-20)/15 - 2/3. What are the prime factors of -4*(1 - (-3)/b)?
2
Let p(z) = z**2 - 7*z - 5. Let i be p(8). Suppose -2*a - 3*h = -a - 9, -4*a = -i*h - 6. List the prime factors of a.
3
Let x(u) = -u**2 - 9*u - 10. Let o be x(-8). Let m = 2 - o. Suppose n = -m + 13. What are the prime factors of n?
3
Let q = 24 + -20. Suppose 2*l = -5*t - l + 218, -200 = -4*t + q*l. What are the prime factors of t?
2, 23
Let z = 1 - -3. Suppose 0*v - z*v + 88 = 0. List the prime factors of v.
2, 11
Let m(z) be the first derivative of -z**3/3 - 4*z**2 + z - 1. Let s(i) = i + 2. Let d be s(-8). What are the prime factors of m(d)?
13
List the prime factors of 2/(146/(-50) + 3).
5
Suppose 3*f - 197 - 934 = 0. What are the prime factors of f?
13, 29
Suppose 0 = 3*m + s + 76, -5*s - 116 = -0*m + 4*m. Let r be (5 + -20)*m/(-10). Let n = -22 - r. List the prime factors of n.
2, 7
Let n(g) = 0*g + 1 - 2 - g. Let v be n(-2). What are the prime factors of 6/(-3) + 5*v?
3
Suppose -5*m + 8*m = 696. List the prime factors of m.
2, 29
Let q = 42 - 5. Let b = q + -20. List the prime factors of b.
17
Suppose 3*m - 2*m - u = -2, 0 = -5*m + 2*u - 4. What are the prime factors of (-162)/(-3) + m + -1?
53
Let s(u) = -2*u + 4 + 4 - 4*u + 2. What are the prime factors of s(-7)?
2, 13
Suppose 0 = 3*u - 4*c - 32, -5*u + 0*c + 4*c = -40. Let f = 9 + -8. Suppose f + u = y. List the prime factors of y.
5
Suppose 15 = c - 77. What are the prime factors of c?
2, 23
Let z = 26 + -11. List the prime factors of (-20)/z*3*-4.
2
Suppose -7*q - 28 + 161 = 0. Let g = 6 + q. List the prime factors of g.
5
Let r = -13 - -25. Suppose 4*b = r + 32. List the prime factors of b.
11
Let y(f) = -f**2 + 4*f + 2. Let g be y(5). Let o = 5 - g. What are the prime factors of (o/(-3))/((-3)/9)?
2
What are the prime factors of (-7)/28 - (-327)/12?
3
Let u be 2/4 - 10/4. Let l be -1*(-1 - u) - -28. Suppose 3*i - 12 - l = 0. List the prime factors of i.
13
Suppose 0 = 2*t + 2*l + 76, 0 = -t - 4*t + 3*l - 206. Let k = 57 + t. What are the prime factors of k?
17
Suppose 3*t = -2*t. Suppose -6*z + z + 4*r + 35 = t, -5*z = 5*r - 80. List the prime factors of z.
11
Let l(z) = 150*z**2 - z. List the prime factors of l(-1).
151
Let f(w) = w - 2. Suppose l - 48 = -2*l. Suppose -l = -3*d - d. List the prime factors of f(d).
2
Let x = -31 + 19. What are the prime factors of (-94)/(-8) + (-3)/x?
2, 3
Let z(n) be the first derivative of 2*n**2 - 6*n + 3. List the prime factors of z(8).
2, 13
Suppose 0 = -4*q + 6*q - 2. Let d be (q + 25)/(2/4). Suppose m - d = -3*m. List the prime factors of m.
13
Suppose -3*k - 369 = 3*c, 64 - 282 = 2*c - 5*k. List the prime factors of 14/c - 359/(-17).
3, 7
Let x(f) = -6*f - 8*f - 3*f. Let a be x(-3). Suppose 2*r + 3*r + 4*c - 48 = 0, 4*r - c - a = 0. List the prime factors of r.
2, 3
Suppose -5*k - 3*r = -133, 30 = k + 4*r - 0*r. What are the prime factors of k?
2, 13
Let g = -52 - -225. What are the prime factors of g?
173
Suppose 0 = 3*p - 22 - 8. Suppose 3*w + 0*v - p = 2*v, 2*v = w + 2. What are the prime factors of w?
2, 3
Suppose 2*r + 5*d + 4 = 0, 0 = 3*r - d - 2*d - 15. Suppose r*n = 4*o - 15, 4*o - 23 = 5*n + 2. Let x = 7 + o. List the prime factors of x.
7
Let g = 17 - -18. List the prime factors of g.
5, 7
Let z be ((-40)/(-6))/(4/18). Suppose 92 = 2*t - i, 4*t - z - 154 = -2*i. List the prime factors of t.
2, 23
Let s(w) = 2*w - 2. Let l be s(5). Let k = 0 + -2. Let g = k + l. What are the prime factors of g?
2, 3
Let q(j) = -2 + 19*j**3 + 3 - 33*j**3 - 2. Let u = -1 + 0. What are the prime factors of q(u)?
13
Suppose 2*t = 2*p + 3*p - 38, 0 = 5*p - 4*t - 46. Suppose -z + 1 = -p. List the prime factors of z.
7
Suppose 3*o + 40 = 5*o. What are the prime factors of o?
2, 5
Let n = 12 - 8. Suppose 24 = 2*y - 5*r + n, 0 = -4*r. Let o = 24 - y. List the prime factors of o.
2, 7
Let i(f) = f**3 - 3*f + 3. Let x be i(2). Let h(j) = -j**3 + 5*j**2 + j + 2. Let s be h(x). What are the prime factors of s*(-3)/21*-6?
2, 3
Let i(c) = -c**2 - c + 10. Let n(q) = q - 6. Let w be n(6). Let f be i(w). Suppose u - f = 3. List the prime factors of u.
13
Suppose -j + 59 = -3*y + 23, -3*j + 3*y = -84. Suppose 0*n - 2*n - j = -2*q, 2*n = 10. What are the prime factors of q?
17
What are the prime factors of (-2300)/8*8/(-10)?
2, 5, 23
Suppose -2*b = -2*k - k - 4, b - 28 = -5*k. Suppose 10 = 5*o, h = 4*o - b*o + 27. What are the prime factors of h?
19
Let i(w) = -w + 14. Let h be i(0). Suppose -h - 1 = -5*c. List the prime factors of c.
3
List the prime factors of -1 - (7/(-4) - 3)*44.
2, 13
Suppose 4 - 12 = a. Let d = 13 + a. List the prime factors of d*(-2 + (-36)/(-10)).
2
Let z = 64 - 22. List the prime factors of z.
2, 3, 7
Suppose -5*n + 2*n + 159 = 0. What are the prime factors of n?
53
Suppose -43 = -4*y + 21. List the prime factors of y.
2
Suppose -43*h = -47*h + 632. List the prime factors of h.
2, 79
What are the prime factors of 4990/18 - (-20)/(-90)?
277
Suppose 3*k - 4*k = -171. Suppose 3*j = -4*m + k, 26 = m + 5*j - 38. What are the prime factors of m?
3, 13
Suppose q + 2*f = -q + 30, -20 = -4*q + 4*f. List the prime factors of q.
2, 5
Suppose -2*s - 41 - 215 = -2*h, 0 = 3*h - s - 380. What are the prime factors of h?
2, 3, 7
Suppose 3 - 1 = c, -5*f - 2*c + 264 = 0. List the prime factors of f.
2, 13
Suppose -2*u + 105 = 3*u. List the prime factors of u.
3, 7
Let v(h) = -4*h - 3. List the prime factors of v(-2).
5
Suppose -4*v - 2*j - 2 = -5*v, 2*j - 10 = -v. Let k = 12 + v. Let r = k - 7. What are the prime factors of r?
11
Let q(a) = 4*a**2 - 11*a - 37. What are the prime factors of q(-6)?
173
Suppose t + 183 + 410 = 5*l, -2*l + 240 = t. List the prime factors of l.
7, 17
Let h(l) = -2*l**3 + 2*l**2 - 2*l + 1. Let q be h(1). What are the prime factors of 48 - (q/1 + 4)?
3, 5
Suppose -4*x = 8, -2*x = -5*a - 3*x + 1463. List the prime factors of a.
293
Let o(v) be the first derivative of -v**4/4 - 4*v**3/3 - v**2/2 + 2*v + 1. Suppose 5*f + 6 = -14. What are the prime factors of o(f)?
2, 3
Suppose g + 0 + 4 = 0. Let i = 8 + g. Suppose -i*m + 35 = m. What are the prime factors of m?
7
Let u(s) = s**2 + 2*s + 2. Let o be u(-3). Suppose o*p + 2 = 17. List the prime factors of p.
3
Suppose -4*w = -3*g + g + 100, -3*g - w + 178 = 0. List the prime factors of g.
2, 29
Suppose -4*c + 21 - 1 = 0. Let f = c + 4. List the prime factors of f.
3
Let r be 7 - (1 - 1)/(-3). Let v = r + -33. Let q = v - -37. What are the prime factors of q?
11
Let n be (-36)/8*42/(-9). Let t = n + 2. List the prime factors of t.
23
Let c = -40 + 82. What are the prime factors of c?
2, 3, 7
Let d(a) = a + 2. Let m be -1*((-2)/(-2) - 2). Let j be 0/(m*-3)*-1. What are the prime factors of d(j)?
2
Suppose -5*h + 4*p - 11 = -3, 2*h - 2*p = -2. What are the prime factors of h/(-18) + (-230)/(-18)?
13
Suppose 0 = -5*t + 4 + 6. Let b(m) = 13*m**2 + m. Let d be b(t). Suppose 4*x - l - l - d = 0, -79 = -4*x - 3*l. List the prime factors of x.
2
Let l(f) = f**3 - f**2 + 9*f + 5. List the prime factors of l(5).
2, 3, 5
Let c = -44 + 74. What are the prime factors of c?
2, 3, 5
Let j be -3*(7/(-3) - -1). Suppose 4*b - 16 + j = 0. List the prime factors of b.
3
Let u(x) = -x**3 - 2*x**2 - 6. List the prime factors of u(-3).
3
Suppose -2*m + 34 = 10. List the prime factors of m.
2, 3
Suppose 2*i + 10 = -4. Let s(o) = -o**2 - 7*o + 2. Let l be s(i). Suppose z + 1 = 4*d + 2, 3*d = l*z - 12. List the prime factors of z.
3
Suppose -z + 1 = 8. Let l = 11 + z. What are the prime factors of l?
2
Let d be -11 - 1/((-1)/2). Let r(g) be the first derivative of -g**3/3 - 11*g**2/2 - 13*g + 20. What are the prime factors of r(d)?
5
Let v(w) = 2*w**3 - 5*w**2 - w - 4. List the prime factors of v(4).
2, 5
